{"id":46,"date":"2023-11-03T12:04:20","date_gmt":"2023-11-03T11:04:20","guid":{"rendered":"https:\/\/etudiants-rouen.com\/airwash\/?page_id=46"},"modified":"2025-10-17T00:35:50","modified_gmt":"2025-10-16T22:35:50","slug":"accueil","status":"publish","type":"page","link":"https:\/\/etudiants-rouen.com\/airwash\/","title":{"rendered":"Accueil"},"content":{"rendered":"<h2>NOS SERVICES<\/h2>\n<h2>AVIS DE NOS CLIENTS<\/h2>\n<ul>\n<li><a href=\"https:\/\/leo777.art\/\">LEO777<\/a><\/li>\n<li><a href=\"https:\/\/leo777th.org\/\">LEO777 \u0e40\u0e01\u0e21\u0e19\u0e35\u0e49\u0e40\u0e25\u0e48\u0e19\u0e07\u0e48\u0e32\u0e22<\/a><\/li>\n<li><a href=\"https:\/\/jocuriremigratis.com\/\">DEWISRI88<\/a><\/li>\n<li><a href=\"https:\/\/htfi.org\/\">demo slot pg<\/a><\/li>\n<li><a href=\"https:\/\/animadance.org\/\">pg slot wallet<\/a><\/li>\n<li><a href=\"https:\/\/foxnewshub.net\/\">MVP189<\/a><\/li>\n<li>\n<li><a href=\"https:\/\/acrsuggestsug.com\/\">LAGA88<\/a><\/li>\n<li><a href=\"https:\/\/xappeal.org\/\">MVP189<\/a><\/li>\n<li><a href=\"https:\/\/algorithmos.net\/\">JAVABET99<\/a><\/li>\n<li><a href=\"https:\/\/felixwinqvist.com\/\">MVP189<\/a><\/li>\n<li><a href=\"https:\/\/heyaj.com\/\">MVP189<\/a><\/li>\n<li><a href=\"https:\/\/wbars.org\/\">free credit no deposit<\/a><\/li>\n<li><a href=\"https:\/\/odaya.ac.id\/\">MVP189<\/a><\/li>\n<li><a href=\"https:\/\/elyon.ac.id\/\">MVP189<\/a><\/li>\n<li><a href=\"https:\/\/mvp189.id\/\">MVP189<\/a><\/li>\n<li><a href=\"https:\/\/migo88login.com\">MIGO88<\/a><\/li>\n<li><a href=\"https:\/\/bawarchiminneapolis.com\/\">MIGO88<\/a><\/li>\n<li><a href=\"https:\/\/migo88.borealbooks.org\/\">MIGO88<\/a><\/li>\n<\/ul>\n<p>\t\t\t\t\t\t\t\u00e9quipe tr\u00e8s professionnel , j&rsquo;ai pris le nettoyage int\u00e9rieur et ext\u00e9rieur ma voiture et comme neuve rien \u00e0 dire , je recommande !<br \/>\n\t\t\t\t\t\t\t<img loading=\"lazy\" decoding=\"async\" width=\"280\" height=\"350\" src=\"https:\/\/etudiants-rouen.com\/airwash\/wp-content\/uploads\/sites\/109\/2023\/10\/medistart-5.jpeg\" alt=\"\" \/><br \/>\n\t\t\t\t\t\t\t\t\t\t\t\t\t\tEmilie<br \/>\n\t\t\t\t\t\t\t\t\t\t\t\t\t\t\t\t\t\t\t\t\t\tCliente<br \/>\n\t\t\t\t\t\t\tJ&rsquo;ai pris le package VIP , rien \u00e0 dire c&rsquo;est parfait ! je suis tr\u00e8s satisfait !<br \/>\n\t\t\t\t\t\t\t<img loading=\"lazy\" decoding=\"async\" width=\"1920\" height=\"2560\" src=\"https:\/\/etudiants-rouen.com\/airwash\/wp-content\/uploads\/sites\/109\/2024\/01\/enzo-bourre-scaled.jpg\" alt=\"\" \/><br \/>\n\t\t\t\t\t\t\t\t\t\t\t\t\t\tEnzo<br \/>\n\t\t\t\t\t\t\t\t\t\t\t\t\t\t\t\t\t\t\t\t\t\tClient<\/p>\n<p style=\"text-align: center\"><a style=\"color: #ffffff\" href=\"https:\/\/belift.co.id\/\" rel=\"dofollow\">Lift Elevator<\/a> <a style=\"color: #ffffff\" href=\"https:\/\/fides.id\/\" rel=\"dofollow\">Personal CFO<\/a> <a style=\"color: #ffffff\" href=\"https:\/\/mitratent.com\/kanopi-membrane-malang\/\" rel=\"dofollow\">Kanopi membrane malang<\/a> <a style=\"color: #ffffff\" href=\"https:\/\/maubayar.id\/jasa-bayar-paypal\/\" rel=\"dofollow\">Jasa Bayar PayPal<\/a><\/p>\n<p><a href=\"https:\/\/ascensionchurchopebi.org\/\">mega888<\/a><br \/>\n<a href=\"https:\/\/hraic.org\/\">pussy888<\/a><br \/>\n<a href=\"https:\/\/mega888android.com\/\">mega888 android<\/a><br \/>\n<a href=\"https:\/\/mega888ios.com\/\">mega888 ios<\/a><br \/>\n<a href=\"https:\/\/www.mega888login.co\/\">mega888 login<\/a><br \/>\n<a href=\"https:\/\/www.mendprogramme.org\/\">mega888<\/a><br \/>\n<a href=\"https:\/\/pussy888-m.com\/\">pussy888<\/a><br \/>\n<a href=\"https:\/\/investigacion-psicopedagogica.org\/\">mega888<\/a><br \/>\n<a href=\"https:\/\/investigacion-psicopedagogica.org\/mega888-apk\/\">mega888 apk<\/a><br \/>\n<a href=\"https:\/\/investigacion-psicopedagogica.org\/mega888-ios\/\">mega888 ios<\/a><br \/>\n<a href=\"https:\/\/investigacion-psicopedagogica.org\/mega888-android\/\">mega888 android<\/a><br \/>\n<a href=\"https:\/\/investigacion-psicopedagogica.org\/mega888-game\/\">mega888 game<\/a><br \/>\n<a href=\"https:\/\/investigacion-psicopedagogica.org\/mega888-download\/\">mega888 download<\/a><br \/>\n<a href=\"https:\/\/investigacion-psicopedagogica.org\/mega888-free-credits\/\">mega888 free credit<\/a><br \/>\n<a href=\"https:\/\/investigacion-psicopedagogica.org\/mega888-free-test-id\/\">mega888 free test id<\/a><br \/>\n<a href=\"https:\/\/investigacion-psicopedagogica.org\/mega888-original\/\">mega888 original<\/a><br \/>\n<a href=\"https:\/\/investigacion-psicopedagogica.org\/918kiss\/\">918kiss<\/a><br \/>\n<a href=\"https:\/\/investigacion-psicopedagogica.org\/pussy888\/\">pussy888<\/a><br \/>\n<a href=\"https:\/\/investigacion-psicopedagogica.org\/newtown\/\">ntc33<\/a><br \/>\n<a href=\"https:\/\/investigacion-psicopedagogica.org\/joker123\/\">joker123<\/a><br \/>\n<a href=\"https:\/\/investigacion-psicopedagogica.org\/xe88\/\">xe88<\/a><br \/>\n<a href=\"https:\/\/investigacion-psicopedagogica.org\/ace333\/\">ace333<\/a><br \/>\n<a href=\"https:\/\/m.gameappmalay.com\/\">mega888<\/a><br \/>\n<a href=\"https:\/\/m.gameappmalay.com\/mega888-download\/\">mega888 download<\/a><br \/>\n<a href=\"https:\/\/m.gameappmalay.com\/mega888-ios\/\">mega888 ios<\/a><br \/>\n<a href=\"https:\/\/m.gameappmalay.com\/mega888-original\/\">mega888 original<\/a><br \/>\n<a href=\"https:\/\/m.gameappmalay.com\/mega888-online-casino\/\">mega888 online casino<\/a><br \/>\n<a href=\"https:\/\/m.gameappmalay.com\/mega888-games\/\">mega888 games<\/a><br \/>\n<a href=\"https:\/\/myslotnew.com\/\">mega888<\/a><br \/>\n<a href=\"https:\/\/myslotnew.com\/pussy888\/\">pussy888<\/a><br \/>\n<a href=\"https:\/\/myslotnew.com\/918kiss\/\">918kiss<\/a><br \/>\n<a href=\"https:\/\/myslotnew.com\/xe88\/\">xe88<\/a><br \/>\n<a href=\"https:\/\/myslotnew.com\/joker123\/\">joker123<\/a><br \/>\n<a href=\"https:\/\/myslotnew.com\/newtown\/\">ntc33<\/a><br \/>\n<a href=\"https:\/\/gameappmalay.com\/\">mega888 apk<\/a><br \/>\n<a href=\"https:\/\/gameappmalay.com\/918kiss\/\">918kiss download<\/a><br \/>\n<a href=\"https:\/\/gameappmalay.com\/pussy888\/\">pussy888 apk malaysia<\/a><br \/>\n<a href=\"https:\/\/gameappmalay.com\/joker123\/\">joker123<\/a><br \/>\n<a href=\"https:\/\/gameappmalay.com\/xe88\/\">xe88<\/a><br \/>\n<a href=\"https:\/\/gameappmalay.com\/newtown\/\">ntc33<\/a><br \/>\n<a href=\"https:\/\/mega888-link.com\/\">mega888 slot<\/a><br \/>\n<a href=\"https:\/\/gameappslot.com\/\">mega888 game apk<\/a><br \/>\n<a href=\"https:\/\/apkgamemalay.com\/\">mega888 download apk<\/a><br \/>\n<a href=\"https:\/\/gameappnew.com\/\">mega888 ios<\/a><br \/>\n<a href=\"https:\/\/newsgameapk.com\/\">mega88<\/a><br \/>\n<a href=\"https:\/\/apkmalayslot.com\/\">mega888 malaysia<\/a><br \/>\n<a href=\"https:\/\/essay-writing-online.org\/\">mega 888<\/a><br \/>\n<a href=\"https:\/\/gameslotmelayu.com\/\">mega88 apk<\/a><br \/>\n<a href=\"https:\/\/app.mega888daily.com\">mega888 malaysia<\/a><br \/>\n<a href=\"https:\/\/mega888sor.com\">mega888 game<\/a><\/p>\n<p>Experience the thrill of gaming at Just Casino, the ultimate destination for excitement and rewards, and discover more at <a href=\"https:\/\/playamo-online-casino.com\/en-au\/\">Playamo online casino<\/a>.<\/p>\n","protected":false},"excerpt":{"rendered":"<p>NOS SERVICES AVIS DE NOS CLIENTS LEO777 LEO777 \u0e40\u0e01\u0e21\u0e19\u0e35\u0e49\u0e40\u0e25\u0e48\u0e19\u0e07\u0e48\u0e32\u0e22 DEWISRI88 demo slot pg pg slot wallet MVP189 LAGA88 MVP189 JAVABET99 MVP189 MVP189 free credit no deposit MVP189 MVP189 MVP189 MIGO88 MIGO88 MIGO88 \u00e9quipe tr\u00e8s professionnel , j&rsquo;ai pris le nettoyage int\u00e9rieur et ext\u00e9rieur ma voiture et comme neuve rien \u00e0 dire , je recommande ! [&hellip;]<\/p>\n","protected":false},"author":125,"featured_media":0,"parent":0,"menu_order":0,"comment_status":"closed","ping_status":"closed","template":"elementor_header_footer","meta":{"footnotes":""},"class_list":["post-46","page","type-page","status-publish","hentry"],"_links":{"self":[{"href":"https:\/\/etudiants-rouen.com\/airwash\/wp-json\/wp\/v2\/pages\/46","targetHints":{"allow":["GET"]}}],"collection":[{"href":"https:\/\/etudiants-rouen.com\/airwash\/wp-json\/wp\/v2\/pages"}],"about":[{"href":"https:\/\/etudiants-rouen.com\/airwash\/wp-json\/wp\/v2\/types\/page"}],"author":[{"embeddable":true,"href":"https:\/\/etudiants-rouen.com\/airwash\/wp-json\/wp\/v2\/users\/125"}],"replies":[{"embeddable":true,"href":"https:\/\/etudiants-rouen.com\/airwash\/wp-json\/wp\/v2\/comments?post=46"}],"version-history":[{"count":41,"href":"https:\/\/etudiants-rouen.com\/airwash\/wp-json\/wp\/v2\/pages\/46\/revisions"}],"predecessor-version":[{"id":3551,"href":"https:\/\/etudiants-rouen.com\/airwash\/wp-json\/wp\/v2\/pages\/46\/revisions\/3551"}],"wp:attachment":[{"href":"https:\/\/etudiants-rouen.com\/airwash\/wp-json\/wp\/v2\/media?parent=46"}],"curies":[{"name":"wp","href":"https:\/\/api.w.org\/{rel}","templated":true}]}}